e 30/9*(-12)/(-8). Suppose z*n + 3*i - 2125 = 0, 0 = 5*n - i - 547 - 1578. What is the tens digit of n?
2
Suppose 2*x - 3*h - 3838 = 0, 4*x + 4*h - 768 - 6888 = 0. Suppose 16*t + 6 = 14*t, 0 = 2*u + 4*t - x. What is the tens digit of u?
6
Let n = -186 - -110. Let u = n - -145. Suppose -2*c + 3*l - l = -42, l = 3*c - u. What is the tens digit of c?
2
Let g(b) = 110*b**2 + 71*b + 416. What is the units digit of g(-26)?
0
Suppose -226 = 2*x - 222. What is the hundreds digit of (x + 1)/(3/(-2007))?
6
Suppose 128 = -y - 22. Let f = -106 - y. What is the units digit of f?
4
Let s be (57/(-15) + 1 - -2)*-5. Suppose 0 = s*o - 3*i + 5*i - 726, -5*o - i = -915. Let d = 346 - o. What is the tens digit of d?
6
Suppose 0 = 2*a + 55 - 71, -4*m + 2*a = -65904. What is the thousands digit of m?
6
Suppose 38*m = 165 + 25. Suppose -20 = 5*x - 9*x, 609 = 2*z + m*x. What is the units digit of z?
2
What is the tens digit of (5 - -12) + -23 + 5/(5/3062)?
5
What is the tens digit of 2*90/(-12) + 16309?
9
Let k = -48 - -30. Let g be -1 + 88/72 - 20210/k. Suppose -7*p + 60 = -g. What is the units digit of p?
9
Let w(j) = 119*j - 364. Suppose n + 23 = 2*m, 0 = -0*m - 4*m + n + 41. What is the hundreds digit of w(m)?
7
Let z be -140 + 8/4*-1. Let r = 1632 - z. What is the hundreds digit of r?
7
Let h(z) = z**2 + 15*z + 66. Suppose 2*l = -3*j - 74, -4*l = j + 14 - 6. What is the tens digit of h(j)?
3
Let p(h) be the first derivative of 2*h**3/3 - 35*h**2/2 + 22*h + 10. What is the tens digit of p(21)?
6
Suppose -18*h - 59549 = 2425. Let c = 5195 + h. What is the thousands digit of c?
1
Suppose -2*l - 333 = -a, -3*a + 1015 = l + l. Suppose 110 = 2*w + t - 564, 4*t - a = -w. What is the tens digit of w?
3
Suppose -98 = -5*y + h - 2*h, 5*y - 102 = h. Suppose 0 = -6*g - y - 40. What is the tens digit of (2 - 96/g)/(1/5)?
5
Suppose 79*d + 21816 = 281*d. Suppose 272 = -3*y - 5*k, 310 = -3*y + 2*k + 66. Let s = d + y. What is the tens digit of s?
2
What is the hundreds digit of 10*(-1 - -2) + 138 + 3043?
1
Let m be (-1)/(6/24) - -1*3. What is the tens digit of (0 + (-11 - m))*861/(-35)?
4
What is the units digit of (15 - 12081)/((-2)/8)?
4
Suppose 1781181 - 254777 = 113*z. What is the units digit of z?
8
Suppose 3*x - o + 5*o - 2693 = 0, -1801 = -2*x + 3*o. Suppose -3*c + x = 185. What is the units digit of c?
8
Let j(i) = 5006*i**2 + 1785*i - 5352. What is the units digit of j(3)?
7
Suppose 4*i + 3*f - 42 = 0, -18 = -3*i + 3*f + 24. Let r be (-31)/2*(-7 - -5). Suppose 0 = 2*l - j - r, 3*j + 6 + i = l. What is the units digit of l?
5
Let c = -8 + 13. Suppose b = -c*y - 0*b + 1485, 1475 = 5*y - b. Suppose -20*u + 16*u = -y. What is the units digit of u?
4
Let h = 20001 - 4683. What is the ten thousands digit of h?
1
Suppose 0 = 25*m - 604174 - 81801. What is the thousands digit of m?
7
Let m(f) = -5*f**2 - 42*f + 22. Let y be m(-21). What is the hundreds digit of 6 - (0 - 0/4) - y?
3
Suppose 0 = -2*h + 87 - 81. Suppose 3*n + h*v - 8*v - 2327 = 0, 2*v = -2*n + 1530. What is the hundreds digit of n?
7
Suppose -227*s + 2121970 = 201*s - 3685134. What is the ten thousands digit of s?
1
Let m(y) = 550*y - 16906. What is the thousands digit of m(93)?
4
Let f(k) = k**3 - 4*k**2 - 26*k + 27. What is the hundreds digit of f(25)?
5
Let w be (-28)/(-8) - 3/6. Suppose 5*u + 2*l = 2311, -u - 2*u - w*l + 1392 = 0. What is the units digit of u?
1
Let a(p) = 19*p - 1. Let j be a(6). Let s(i) = 4*i - 11. Let q be s(-7). Let g = j + q. What is the tens digit of g?
7
Suppose -2 = -5*u - 2*n, -8 = 4*u - 3*n + 7*n. Let p be ((-4)/(-10))/((u/920)/1). Let f = 347 - p. What is the units digit of f?
3
Let s(n) = -8*n + 190. Let p be s(37). Let z = 151 + p. What is the tens digit of z?
4
Let i = -8180 + 14688. What is the tens digit of i?
0
Suppose -12038 = -2*d + 14*a, 2*a - 11962 = -2*d - 3*a. What is the units digit of d?
1
Suppose 2*z + 1831 = 4*x - 1591, -3*z = 4*x - 3417. Let r = x - 535. What is the hundreds digit of r?
3
Let r(i) = 300*i**2 + 299*i + 14. What is the hundreds digit of r(-9)?
6
Let q = 102 - 95. Suppose q*c = -103 + 1615. What is the tens digit of c?
1
Suppose 0 = -5*z + 5*a + 55970, -169*a + 170*a = 2*z - 22382. What is the tens digit of z?
8
Suppose 0 = -11*v + 9 + 24. Suppose -3 = -j + v*g, 2*j + 4*g = 2 + 4. Suppose -63 = -5*u + 5*h + 42, 2*h = j*u - 60. What is the units digit of u?
8
Let b(s) = 2922*s**2 + 528*s + 2138. What is the tens digit of b(-4)?
7
Let x(y) = 4*y + 7. Let l(r) = 13*r + 21. Let b(t) = -6*l(t) + 21*x(t). Let u be b(-4). Let k(z) = 10*z**2 + 6*z + 13. What is the tens digit of k(u)?
8
Suppose 6 = -n + 7, -2*y + 3*n = -19423. What is the tens digit of y?
1
Suppose 2*z = -3 + 1. Let i = 17 - z. Suppose i*a - 13*a = 440. What is the units digit of a?
8
Let i(t) = t**3 + 18*t**2 - 19*t + 29. Suppose -m - 5*z - 34 = 0, -2*m + 4*z + 2 = 28. Let n be i(m). Let q = 4 + n. What is the units digit of q?
3
What is the tens digit of (-783)/(-6)*(36/30)/(18/860)?
8
Let a(f) = -f - 1. Let n(y) = -62*y**2 + 2*y + 7. Let p(k) = 2*a(k) - 2*n(k). What is the hundreds digit of p(-2)?
4
Let y be -6*(28/(-21) + 4). Let m(d) = 4*d**2 + 25*d - 77. What is the units digit of m(y)?
7
Let y = -8737 + 17744. What is the hundreds digit of y?
0
Suppose -92*q + 18090780 = 198*q. What is the units digit of q?
2
Suppose -4*c + 1118 = 2*q, -855 - 1896 = -5*q + c. Let k = 229 + q. What is the hundreds digit of k?
7
Suppose -15*u + 6*u + 30411 = -56097. What is the tens digit of u?
1
Let x = 47143 - 17019. What is the thousands digit of x?
0
Let o(r) = -34*r - 744. Let g be o(-22). Let d(v) = -9*v**2 - v. Let h be d(1). What is the tens digit of ((-12)/h)/(g/580)?
7
What is the ten thousands digit of (2 + 49/(-2))/(2/(0 - 5192))?
5
Let h be -2 + (-936)/(-40) + 4/(-10). Let a be 8/(-28) - (-321)/h. Let o = a - -63. What is the tens digit of o?
7
Let p(y) = 189*y**2 - 184*y - 2114. What is the hundreds digit of p(-14)?
5
Suppose 0 = -614*l + 822*l - 1953536. What is the hundreds digit of l?
3
Let g(x) = -2*x**2 - 18*x - 37. Let m = 53 + -64. Let k be g(m). Let i = 148 + k. What is the units digit of i?
7
Suppose 0 = 8*w + 4*w - 122443 + 47635. What is the tens digit of w?
3
What is the units digit of (-25131)/1*5/(-19 - -4)?
7
Let y(h) = 0*h - 54 + h**2 + 57 - 9*h. Let i be y(9). What is the units digit of 2*-3*(1 + (-38)/i)?
0
Let l be 31/(-124) - 5/(-4). What is the units digit of 460 + (0 - 1)*l*-5?
5
Let f(q) = -491*q - 375. What is the hundreds digit of f(-15)?
9
Suppose -54 = -2*x + 4*n, 1 - 9 = -2*n. Let h(a) = -5*a**3 - a**2 - 2*a - 2. Let t be h(-1). Let k = t + x. What is the tens digit of k?
3
Let o = -22 + 169. Suppose 2169 = 220*t + 13169. Let d = o + t. What is the units digit of d?
7
Let m be -3 + (-3 - 3 - -12). Suppose m*a - 3314 = -2*a + 2*c, -2*c - 666 = -a. What is the tens digit of a?
6
Suppose 0 = 34*b - 30*b - 152. Suppose -30*w - 3208 = -b*w. What is the tens digit of w?
0
Suppose -3*v + 5*o = -92998, -2 = 14*o - 13*o. What is the tens digit of v?
9
Suppose 0 = 6*i - 31 - 5. Let p be 2 - ((-9)/i - (-9)/2). What is the tens digit of p/(-1) + (72 - (4 + -3))?
7
Let d = 13321 + 23947. What is the tens digit of d?
6
Suppose 3*i + 4 = 136. Suppose -49 = 3*r - 475. Let n = r - i. What is the tens digit of n?
9
Suppose 28*z - 1086 + 98 = 9*z. What is the units digit of z?
2
What is the hundreds digit of 50547222/986 - 12/(-174)?
2
Suppose -3*a - 437 = 1825. Let r = 1056 + a. Suppose 4*f + r = 2*q, 3*q - 5*f + 3*f = 433. What is the units digit of q?
1
Suppose 10*t = 4*u - 326578, -t = -29*u + 27*u + 163253. What is the units digit of u?
2
Suppose -26266 = -20*x + 15*x - 8*y, -10510 = -2*x - 2*y. What is the tens digit of x?
5
Let z(v) = -3*v**2 + 154*v + 112. Let o be z(52). Suppose q - 4*n - 774 = 0, -7*n - 2348 = -3*q - o*n. What is the tens digit of q?
8
Suppose 75 = -12*f + 27*f. Suppose 4*r - 5*l - 710 = 2*r, -f*l = -10. What is the hundreds digit of r?
3
What is the hundreds digit of 7724 - -2 - ((-9)/4)/(66/(-88))?
7
Suppose -p + 5*b + 144 + 519 = 0, -5*p + 3315 = 5*b. Let m = p + 40. What is the tens digit of m?
0
Let q = -6503 - -13187. What is the units digit of q?
4
Suppose -35*t - 11146 = -133059 - 60192. What is the thousands digit of t?
5
Let h(z) = 13*z**3